der when 191756 is divided by 68?
64
Calculate the remainder when 129546 is divided by 233.
231
What is the remainder when 1066120 is divided by 17?
16
Calculate the remainder when 10932 is divided by 14.
12
What is the remainder when 11037 is divided by 290?
17
Calculate the remainder when 6431 is divided by 2592.
1247
Calculate the remainder when 51832 is divided by 15.
7
What is the remainder when 487 is divided by 197?
93
What is the remainder when 3073 is divided by 12?
1
Calculate the remainder when 19134 is divided by 9.
0
What is the remainder when 229079 is divided by 45801?
74
What is the remainder when 70961 is divided by 157?
154
Calculate the remainder when 4987 is divided by 1976.
1035
What is the remainder when 6929 is divided by 1497?
941
What is the remainder when 18810 is divided by 545?
280
What is the remainder when 754 is divided by 42?
40
What is the remainder when 34334 is divided by 375?
209
Calculate the remainder when 14610 is divided by 7136.
338
Calculate the remainder when 14447 is divided by 33.
26
Calculate the remainder when 60237 is divided by 30118.
1
Calculate the remainder when 14943 is divided by 598.
591
What is the remainder when 164264 is divided by 18?
14
Calculate the remainder when 2878 is divided by 179.
14
What is the remainder when 129232 is divided by 14358?
10
Calculate the remainder when 5896 is divided by 1722.
730
What is the remainder when 3590 is divided by 713?
25
What is the remainder when 5973 is divided by 87?
57
Calculate the remainder when 7695 is divided by 187.
28
Calculate the remainder when 137702 is divided by 56.
54
What is the remainder when 160945 is divided by 222?
217
Calculate the remainder when 57460 is divided by 423.
355
Calculate the remainder when 212536 is divided by 609.
604
Calculate the remainder when 36333 is divided by 82.
7
Calculate the remainder when 57730 is divided by 199.
20
What is the remainder when 76849 is divided by 38414?
21
What is the remainder when 127756 is divided by 199?
197
Calculate the remainder when 4265 is divided by 4263.
2
What is the remainder when 13054 is divided by 82?
16
What is the remainder when 79349 is divided by 512?
501
Calculate the remainder when 278377 is divided by 166.
161
What is the remainder when 546792 is divided by 9?
6
Calculate the remainder when 1924 is divided by 848.
228
What is the remainder when 180005 is divided by 383?
378
What is the remainder when 34865 is divided by 39?
38
What is the remainder when 4999453 is divided by 44?
41
Calculate the remainder when 408853 is divided by 27256.
13
What is the remainder when 3060 is divided by 339?
9
Calculate the remainder when 290545 is divided by 211.
209
What is the remainder when 14830 is divided by 9?
7
What is the remainder when 61760 is divided by 248?
8
What is the remainder when 430 is divided by 149?
132
Calculate the remainder when 23161 is divided by 1449.
1426
Calculate the remainder when 322944 is divided by 292.
284
What is the remainder when 74455 is divided by 104?
95
What is the remainder when 3904 is divided by 690?
454
What is the remainder when 7836 is divided by 7258?
578
Calculate the remainder when 37169 is divided by 138.
47
What is the remainder when 126907 is divided by 42295?
22
Calculate the remainder when 122887 is divided by 11.
6
Calculate the remainder when 8080376 is divided by 28.
24
What is the remainder when 1318 is divided by 310?
78
Calculate the remainder when 20699 is divided by 5.
4
Calculate the remainder when 186431 is divided by 138.
131
What is the remainder when 3254 is divided by 271?
2
What is the remainder when 147263 is divided by 32?
31
Calculate the remainder when 80431 is divided by 414.
115
What is the remainder when 62198 is divided by 72?
62
What is the remainder when 2105 is divided by 1030?
45
Calculate the remainder when 4073 is divided by 4.
1
Calculate the remainder when 121107 is divided by 60550.
7
What is the remainder when 964 is divided by 843?
121
Calculate the remainder when 7682 is divided by 2557.
11
What is the remainder when 281231 is divided by 496?
495
What is the remainder when 35335 is divided by 202?
187
What is the remainder when 912313 is divided by 456149?
15
What is the remainder when 3011 is divided by 260?
151
Calculate the remainder when 861 is divided by 487.
374
Calculate the remainder when 4548 is divided by 33.
27
Calculate the remainder when 3714172 is divided by 454.
452
Calculate the remainder when 76548 is divided by 38257.
34
Calculate the remainder when 9481 is divided by 1892.
21
Calculate the remainder when 50158 is divided by 809.
0
Calculate the remainder when 352809 is divided by 43.
37
Calculate the remainder when 2280 is divided by 214.
140
What is the remainder when 4963 is divided by 1186?
219
What is the remainder when 2036 is divided by 160?
116
What is the remainder when 38583 is divided by 149?
141
Calculate the remainder when 4488798 is divided by 905.
903
Calculate the remainder when 561714 is divided by 24.
18
Calculate the remainder when 419 is divided by 165.
89
What is the remainder when 199290 is divided by 43?
28
What is the remainder when 211662 is divided by 208?
126
Calculate the remainder when 452 is divided by 288.
164
Calculate the remainder when 222267 is divided by 10584.
3
Calculate the remainder when 11231 is divided by 1840.
191
Calculate the remainder when 80997 is divided by 63.
42
What is the remainder when 9574 is divided by 252?
250
Calculate the remainder when 6927 is divided by 497.
466
Calculate the remainder when 54726 is divided by 219.
195
Calculate the remainder when 119572 is divided by 9.
7
Calculate the remainder when 31909 is divided by 5308.
61
Calculate the remainder when 1447686 is divided by 348.
6
Calculate the remainder when 129270 is divided by 1034.
20
Calculate the remainder when 664 is divided by 4.
0
What is the remainder when 4492 is divided by 298?
22
Calculate the remainder when 21645 is divided by 252.
225
What is the remainder when 5544 is divided by 508?
464
Calculate the remainder when 900 is divided by 172.
40
What is the remainder when 57583 is divided by 238?
225
What is the remainder when 13152 is divided by 57?
42
Calculate the remainder when 235960 is divided by 513.
493
Calculate the remainder when 22218 is divided by 17.
16
What is the remainder when 114253 is divided by 822?
817
Calculate the remainder when 590257 is divided by 8.
1
What is the remainder when 44138 is divided by 374?
6
Calculate the remainder when 532842 is divided by 88807.
0
Calculate the remainder when 83231 is divided by 176.
159
What is the remainder when 17745 is divided by 19?
18
What is the remainder when 232550 is divided by 6644?
10
Calculate the remainder when 6631 is divided by 3216.
199
Calculate the remainder when 502 is divided by 87.
67
Calculate the remainder when 71861 is divided by 517.
515
What is the remainder when 31029 is divided by 398?
383
What is the remainder when 27258 is divided by 942?
882
What is the remainder when 80867 is divided by 20?
7
What is the remainder when 2624 is divided by 12?
8
Calculate the remainder when 700414 is divided by 654.
634
What is the remainder when 141290 is divided by 1990?
0
Calculate the remainder when 1245892 is divided by 26.
24
Calculate the remainder when 4972 is divided by 765.
382
What is the remainder when 3047 is divided by 809?
620
Calculate the remainder when 3402 is divided by 68.
2
What is the remainder when 19542 is divided by 1028?
10
What is the remainder when 3337 is divided by 3327?
10
What is the remainder when 9173 is divided by 177?
146
What is the remainder when 2230 is divided by 129?
37
Calculate the remainder when 605 is divided by 30.
5
Calculate the remainder when 322705 is divided by 127.
125
What is the remainder when 369793 is divided by 286?
281
Calculate the remainder when 6348 is divided by 104.
4
Calculate the remainder when 374539 is divided by 435.
4
Calculate the remainder when 1440 is divided by 53.
9
Calculate the remainder when 36759 is divided by 103.
91
Calculate the remainder when 26226 is divided by 8681.
183
Calculate the remainder when 25305 is divided by 222.
219
Calculate the remainder when 2297 is divided by 60.
17
Calcul